 58*-5. Suppose 4*x - v = 3*h + h, 5*x - 361 = 4*h. List the prime factors of x.
3, 23
Suppose 4*n = -w + 12, 3*n - 3 - 6 = 4*w. Let j(a) = -a**3 + 5*a**2 - 5. Let c be j(n). List the prime factors of (1/2)/(c/1560).
2, 3, 5
Let s = 23631 + -13668. List the prime factors of s.
3, 41
Let x = -287 + 605. Suppose -6*o + x = -5*o. List the prime factors of o.
2, 3, 53
Suppose 3*l - 603 = -4*p + 2262, 4775 = 5*l - 4*p. Suppose -3*h + 215 + l = 0. What are the prime factors of h?
2, 3, 5, 13
Let y(l) = -166*l**3 - l**2 - 33*l + 45. What are the prime factors of y(-5)?
5, 53, 79
Let g be 1*((-2)/7 - (-4)/14). Suppose -7*m + 2501 + 2945 = g. List the prime factors of m.
2, 389
Let a(d) = 6*d - 5 + 0*d - 1. Suppose 0 = 27*v - 117 - 153. What are the prime factors of a(v)?
2, 3
Suppose 723*z - 688*z - 67727 - 1641813 = 0. List the prime factors of z.
2, 12211
Let y(c) = 3*c**2 - 31*c - 129. Let w be y(18). Suppose -4*o = -5*p - 1164, -p - 879 - w = -4*o. What are the prime factors of o?
3, 97
Let y be (-2)/(-20) - (-2366)/140. List the prime factors of ((-4)/6)/((238/(-399))/y).
19
Let a be 7/(-2) + -4 + (-21)/(-6). Let f be a/34 - 72/(-34). Let q(g) = 18*g**2 - g - 4. What are the prime factors of q(f)?
2, 3, 11
Let y(u) be the third derivative of u**5/60 - 13*u**4/12 - 2*u**3 + 240*u**2. List the prime factors of y(36).
2, 3, 29
Suppose 0 = h - 4*g - 3815, -3*g - 2182 = 4*h - 17461. List the prime factors of h.
3, 19, 67
Suppose 0 = -3*o + 3*l + 15, 0 = -5*l - 15 + 20. Suppose -2 - 2 = 4*i. List the prime factors of ((3 + -14)*o)/i.
2, 3, 11
Suppose x - 7 = -x + d, 2*x + 4*d = 2. Suppose -x*f + 0*f - 4*y + 275 = 0, 0 = -5*f + 5*y + 435. List the prime factors of f.
89
Let f(r) be the second derivative of -r**4/12 + 43*r**3/6 - 23*r**2/2 - 88*r. What are the prime factors of f(24)?
433
Let t(s) = -20*s**3 - s**2 + 7*s + 81. List the prime factors of t(-6).
3, 11, 131
Let i(u) = 28*u**2 - 50*u - 731. List the prime factors of i(-25).
37, 487
Let n be 24 - (2 - (1 - -2)). Let j be -6*(0 + 70/42). Let y = j + n. List the prime factors of y.
3, 5
Suppose 3763 = 20*c - 25*c + 36563. What are the prime factors of c?
2, 5, 41
Let c(h) = -h**3 + 12*h**2 + 7. Let t be c(9). Let w(o) = 122 + 3*o**3 + t*o - 2*o**3 - 246*o. What are the prime factors of w(0)?
2, 61
Let h(v) = -8*v + 40 + 7*v + 9*v. Let s be h(-5). Suppose s = -14*x + 2070 + 758. List the prime factors of x.
2, 101
Suppose -2121473 = 185*s - 7960073. What are the prime factors of s?
2, 3, 5, 263
Let f be -4*4/(-8) - 8 - 1996. Let o = -561 - f. What are the prime factors of o?
11, 131
Let i(l) = -4*l - 42. Suppose -5*k + 487 + 13 = 0. Let w be 15*(k/12)/(-5). List the prime factors of i(w).
2, 29
Let a be 254/(((-4)/3)/(6/(-9))). Let u = a - 112. List the prime factors of u.
3, 5
Let l(a) = 6*a - 7*a**2 - 7*a**2 - 2*a - 2 + a**3. Suppose 0 = 298*n - 282*n - 224. List the prime factors of l(n).
2, 3
Let l be (10/6)/(84/252). Suppose l*q - 2656 - 96 = -3*p, -5*q - 1868 = -2*p. What are the prime factors of p?
2, 3, 7, 11
Let i(r) = -14*r**2 - r - 1. Let h be i(-5). Let k be ((-1)/3)/(3/18) - h. Suppose k = 3*l + l + g, -3*l - 4*g + 271 = 0. List the prime factors of l.
5, 17
Let l(t) = 10*t + 360. Let i be l(16). Let j = i - 10. List the prime factors of j.
2, 3, 5, 17
Let q be (-2)/(-10) - 18/(-10). Let y be 2*8/(-16) - -5. List the prime factors of y/(-8) + 279/q.
139
Let u(a) be the third derivative of a**5/30 - 23*a**4/24 - 25*a**3/6 + 8*a**2 + 2*a. What are the prime factors of u(-15)?
2, 5, 7, 11
What are the prime factors of 7 - 1074*(156/(-8) + 4)?
2, 11, 757
Suppose 0 = -j + 4*c + 19, 4*c + 7 + 24 = 5*j. Suppose 4*a + 0*v - 4*v = 304, j*a - 2*v - 230 = 0. What are the prime factors of a?
2, 3, 13
Let j(f) = 77*f**2 - 5*f. Let z be 5/40 + 175/(-56). What are the prime factors of j(z)?
2, 3, 59
Suppose 0 = 5*s + 5 - 25. Suppose 0 = s*d - d. Suppose d = -4*u - 2*u + 564. List the prime factors of u.
2, 47
Let b(c) = 5656*c + 301. What are the prime factors of b(8)?
3, 7, 241
Let u = -18 + 17. Let q(o) = -278*o + 6. Let r be q(u). Suppose 2*m - 4*l - 152 = 0, 4*m - 4*l + l = r. What are the prime factors of m?
2, 17
Suppose -16 = -4*v, -5*b = -3*v + 1 + 1. Suppose -b*s + 15 = 3*s. List the prime factors of (((-63)/(-5))/s)/((-4)/(-60)).
3, 7
Suppose 22*q - 2*l = 21*q + 77510, 5*q + 4*l - 387676 = 0. What are the prime factors of q?
2, 11, 881
Let j(m) = -m**2 - 59*m - 7. Let r be j(8). Let a = r - -1540. What are the prime factors of a?
997
Let g = -95863 - -136539. What are the prime factors of g?
2, 10169
Suppose 3*r = -0*f - 4*f - 232, -72 = r + 4*f. Let u = r - -84. Suppose -3*p = -i - 388 + 122, -u*p + 5*i = -373. List the prime factors of p.
3, 29
Suppose -10*w - 7983 + 17264 = -49589. List the prime factors of w.
7, 29
Let j(b) = 41*b**2 + 3*b - 4. Let r be j(1). Let w = r - -4. What are the prime factors of (w/8 + -2)*28*1?
2, 7
List the prime factors of 57783/22 - (-3)/6.
37, 71
Let m(f) = -f**2 - 3. Let v(x) = -5*x**2 - 8*x + 32. Let c(y) = -5*m(y) - v(y). List the prime factors of c(-5).
193
Let x = 6710 + 1595. What are the prime factors of x?
5, 11, 151
Suppose -5*m - 1504 = -4*p + 355, 2*m = -2*p + 916. Let k = 170 - p. List the prime factors of (k/4)/(15/(-20)).
97
Let l be 15/9*(-12)/(-10). Suppose 5*x = -l*j + 1530, -2*j - 3*j = -3*x + 949. List the prime factors of x.
2, 7, 11
Suppose 1970 = -64*f + 59*f. Let z = 663 + f. List the prime factors of z.
269
Let r(m) = m**2 - 14*m + 40. Let o be r(6). Let k(h) be the second derivative of h**5/20 + 3*h**4/4 + 2*h**3/3 - 13*h**2/2 - h. List the prime factors of k(o).
19
Let o(s) = -7*s**3 + 8*s**2 - 17*s - 9. Let h(l) = l**3 + l**2 + 1. Let w(c) = -6*h(c) - o(c). Suppose 0*m + 3*m - 39 = 0. List the prime factors of w(m).
5, 11
Suppose -5*v + 146 = -2*t, 3*v = v + 2*t + 62. Let q be ((-18)/12)/(6/8) + v. Suppose -q = -2*o + 16. List the prime factors of o.
3, 7
Let v(g) = -7*g + 59. Let h be v(-6). Suppose -3148 = -105*m + h*m. What are the prime factors of m?
787
Suppose 15 = -3*j, 0 = -i - 3*i - 4*j + 4. Suppose -2*c + 38 = t, i*c - 11*c = -t + 31. List the prime factors of t.
2, 3
Let t be 1/(5 + 26996/(-6748) + -1). Let z = -995 - t. List the prime factors of z.
2, 173
Suppose -19985*a - 342190 = -19995*a. List the prime factors of a.
19, 1801
List the prime factors of (27470/20)/(10*7/700).
5, 41, 67
Let q = -11 + 15. Suppose -d = 1, -83*o + 2*d = -84*o + 1. Suppose -346 = q*p - 5*l - 874, -o*l = -2*p + 264. What are the prime factors of p?
2, 3, 11
Suppose -5*x - 104 = -4*m, 3*m = 4*m + 5*x - 26. Suppose 0 = 23*f - m*f + 228. Let t = f + 24. What are the prime factors of t?
2, 5
Let s = -10 + 24. Let c = s + -10. Suppose c*o + 36 = f - 0*f, 2*f = 5*o + 66. List the prime factors of f.
2, 7
What are the prime factors of 155/(-279) - (-1446378)/27?
53569
Let y = 6139 + -1642. What are the prime factors of y?
3, 1499
Suppose 297308 = 183*o - 161*o. List the prime factors of o.
2, 29, 233
Let i(q) = q**2 - 3*q - 19. Let s be (-1 - 9/(-6))/((-6)/(-540)). Suppose 3*t = 8*t - s. What are the prime factors of i(t)?
5, 7
Let d = -25 - -60. List the prime factors of 215/d + (-1)/7.
2, 3
Let q be -7 + 11 - 0/2. Suppose -2*w = q*s - 4, -4*s - 16 = w - 4*w. Suppose -4*o + 5 - 21 = 0, 4*r + w*o - 96 = 0. What are the prime factors of r?
2, 7
Let n(b) = b**3 + 2*b**2 - b. Let h be n(-2). Let a be -27 + -2 + 2/h. What are the prime factors of -2*46/(-28) + a/98?
3
List the prime factors of ((-47997)/54)/((-56)/2688).
2, 5333
Let l be (-1*(4 - 3))/((-1)/121). Suppose 0 = -2*q + 8, 4*g - 3*q = -5*q - 296. Let j = g + l. What are the prime factors of j?
3, 5
Let h = 3237 + 2815. What are the prime factors of h?
2, 17, 89
List the prime factors of ((-20042)/(-6))/((-185)/(-1665)).
3, 11, 911
Let c(b) = b**3 + 3*b**2 + 8*b + 13. What are the prime factors of c(11)?
5, 359
Suppose -4*h = -r - 72 + 27, h - 10 = -r. Suppose 0 = -3*b + 7 + h. Suppose b*a + 6*a - 2484 = 0. What are the prime factors of a?
3, 23
Suppose 0 = 3*j - 84 - 93. Let i = 61 - j. Suppose 8*k - i*k - 930 = 0. List the prime factors of k.
5, 31
What are the prime factors of 5/6 - 1140/(-432)*7122?
3, 5, 7, 179
Let c be 3*3 - (2 - 1). Let n(j) = c - 7*j - j**2 + 0 + 8*j + 14*j. 